
15
Suppose -4*k + x + 15 = 6*x, -4*k = -5*x + 15. Let o(u) be the third derivative of k + 0*u + 1/10*u**5 - 1/120*u**6 - 5/6*u**3 - 5/24*u**4 - u**2. Give o(5).
-5
Let t(v) = -v**2 + 3*v - 4. Let u be 3*(-8)/36*(-9)/2. Give t(u).
-4
Let v(p) = 3*p**2 + 1. Let k be v(-1). Suppose 2*f - 12 = -k*y, 0 = -2*y - 3*y + f + 8. Let x(r) = -r**2 + 2*r - 2*r + y. Determine x(-2).
-2
Let u(g) = -5*g - 1. Let o be u(-1). Let f = -8 + o. Let y(k) = 3*k + 4. Determine y(f).
-8
Let x(n) = -2*n - 5. Let o(p) = -4*p - 11. Let g(s) = 6*o(s) - 13*x(s). Determine g(-2).
-5
Let d(h) = -7*h**3 + h**2 - 5*h + 3. Let u(a) = -a**3 - a + 1. Let k(c) = -d(c) + 6*u(c). What is k(0)?
3
Suppose -7*q - 25 = 5*d - 9*q, -10 = 2*q. Let o(a) = -a**2 - 7*a. Determine o(d).
0
Let b(z) be the first derivative of -z**4/4 + z**2 - z - 6. Give b(1).
0
Let i = 39 - 34. Let q be 4 - 2 - -4 - 1. Let k(p) = 3*p - q*p + p - 2. Determine k(i).
-7
Let x(h) = h**2 - 5*h. Let w be x(4). Let s(g) = g. Let y(a) = a**2 + a - 5. Let l(n) = 3*s(n) + y(n). Give l(w).
-5
Let f(p) be the first derivative of p**4/12 - p**3/6 + p**2/2 - 3*p + 2. Let q(r) be the first derivative of f(r). Give q(1).
1
Let d(r) = -5*r**2 + 3*r**2 + r + r**2 - 5. Suppose 5 = -4*o - 2*q + 19, 0 = 4*q + 4. Calculate d(o).
-17
Let g(a) = 8*a - 1. Suppose -21 = -5*v - 26. Give g(v).
-9
Let o(h) be the third derivative of -h**4/8 - h**3/6 + h**2. Let r(i) = -i**3 - 9*i**2 + i + 10. Let p be r(-9). Suppose -t = 1 + p. Determine o(t).
5
Let m(s) = -s**3 + 5*s**2 + s - 3. Let d be m(5). Suppose -d*w - 9 = -3. Let v(a) = a - 2. Determine v(w).
-5
Let w(z) = -z**2 - 4*z. Let k(f) = 9*f**3 + 4*f**2 + 19*f + 9. Let n(l) = 4*l**3 + 2*l**2 + 9*l + 4. Let s(t) = -6*k(t) + 13*n(t). Let v be s(2). Give w(v).
0
Let a(g) = g - 4. Let l be a(4). Let b = l - -3. Let t be 0/2*(b - 4). Let i(d) = d - 7. Calculate i(t).
-7
Let b(h) = h**2 - 5*h + 4. Let c be (-1)/(-4) - 114/(-24). Determine b(c).
4
Let l be 2/9 - (-64)/36. Let k(t) = t**3 - t**2 - 1. Determine k(l).
3
Suppose 52 - 12 = 8*x. Let q(w) = -w**3 + 5*w**2 + 7. Give q(x).
7
Let v(g) = -2*g**3 + g**2 + 8*g + 6. Let m(w) = -w**3 + w**2 + 4*w + 3. Let a(u) = 5*m(u) - 3*v(u). Give a(-3).
0
Let s = 19 + -24. Let c(t) be the first derivative of -t**2/2 + 2*t - 3. Determine c(s).
7
Let m be -2*(-2 - (-1)/2). Suppose 5*c - 34 = -3*u, -m*u = 2*c - 6 - 13. Let w(k) = -k**3 + 4*k**2 + 6*k - 1. Give w(c).
4
Let u(o) = 8*o**3 + 2*o**2 - 1. Suppose -19 = 2*m - 8*d + 3*d, -4*d + 17 = -m. Suppose 5*v + m = -2. Give u(v).
-7
Let q(s) = -s**2 + 8*s + 13. Let l be q(9). Let j(i) = -4. Let y(d) = d + 4. Let k(a) = 4*j(a) + 3*y(a). Calculate k(l).
8
Let l(m) = 4*m**2 - m - 5*m**2 + 3*m**2 - m**2. Let g(b) = -7*b**3 + 5*b**2 - 3*b. Suppose 0 = -k + 6*k + 5. Let z(j) = k*g(j) + 4*l(j). Give z(-1).
-7
Let i(l) = -4*l + l**3 + 0*l**3 - l - 4*l**2 + 7. Let p be 6/(-1 + 2 + 0). Let q be p*1 - (-2 - -3). Give i(q).
7
Let g(u) = 12*u**2 + u. Let f be (4 - -1)*1 + -1. Suppose 4*r = -0 + f. Calculate g(r).
13
Let p be 4/(-10) - (-102)/30. Let d(j) = -3*j**3 - 6*j**2 - j + 7. Let n(x) = 4*x**3 + 6*x**2 - 8. Let r(q) = p*d(q) + 2*n(q). Calculate r(-5).
-5
Let l(a) = -a**3 + 2*a**2 + 2*a - 3. Suppose -9 = -3*s - 3. Suppose 5*y + 20 = s*x, -y = 2*x - 4*x + 4. Let c be (y/(-6))/((-3)/(-9)). Calculate l(c).
1
Suppose -2*p + 3*p - 7 = 0. Suppose -6*k + p*k = -2. Let v(d) = 2*d + 3. Determine v(k).
-1
Suppose -3 + 3 = -b. Let v(o) = o**3 + 5. Calculate v(b).
5
Suppose 0 = 4*t + 5*z - 1 + 10, -3*t - 4*z - 8 = 0. Let u(q) = 0*q - 4 - 2*q + t*q. Calculate u(-5).
-14
Let t(s) be the first derivative of s**4/4 + 2*s**3 + s**2 + 3*s + 8. Give t(-6).
-9
Let b(d) be the second derivative of -d**5/20 + d**3/6 - d**2/2 - 3*d. Let h = -15 - -16. Calculate b(h).
-1
Let h(c) = 4. Let p(b) = -4*b - 2. Let d(g) = -h(g) - p(g). Let y(m) = -m + 1. Let t be y(-1). Give d(t).
6
Let l(s) be the second derivative of s**5/20 + 3*s**4/4 + s**3/3 + 5*s**2/2 + 24*s. Give l(-9).
-13
Let n(f) = 2*f + 6. Suppose -4*z = z + 20. Give n(z).
-2
Let k(r) = -r**3 + 4*r**2 + 1. Let z(j) = -j**2 + j - 7. Let v be z(0). Let q = 12 + v. Suppose q*b = -5 + 20. Give k(b).
10
Let g be (-5 + 1)/(-5 + 3). Let f be 7/g + (-2)/4. Let m(p) = p - 4*p**3 + 2 + p**2 + 7*p**3 - 2*p**f. Calculate m(0).
2
Let w(r) be the third derivative of -r**5/60 - r**4/12 + r**3 + 16*r**2. What is w(-5)?
-9
Let b(t) = -t**3 + 2*t - 6*t + 5*t - 2. Calculate b(-2).
4
Suppose 0*s = -2*s + 10. Let d(t) = -t - 3 + 0 + s. Suppose 0*z + 20 = 4*z. Determine d(z).
-3
Let q(b) = b**2 + 3*b + 3. Let p(f) be the first derivative of -f**4/4 - 8*f**3/3 - 9*f**2/2 - 2*f + 1. Let k be p(-7). Let a be 8/(-3) + 8/k. Determine q(a).
1
Let g(v) = -v**3 - 3*v**2 - 2*v. Suppose u - 5 = h, -u - 4 + 5 = h. Let k = h + -1. Calculate g(k).
6
Let u be -1 - (3 - (-2 - -2)). Let g = -5 - u. Let z(w) = -5*w + 1. Give z(g).
6
Let r(f) be the second derivative of -f**6/30 + f**4/24 + f**2/2 - f. Let m(g) be the first derivative of r(g). Suppose -1 = -0*n - n. Calculate m(n).
-3
Let u(z) = z - 7. Suppose -3*i = -2*i - 5. Let o(s) = -s + 6. Let y(x) = i*u(x) + 6*o(x). Determine y(-1).
2
Let b(i) = i**2 + 7*i + 2. Let t be b(-6). Let l(r) = -2*r - 5. Give l(t).
3
Let w(u) = -u**2 - 1. Let o be w(-3). Let r be 18/(-4) - 5/o. Let j be r/6 - (-2)/3. Let z(c) = -c**3 + c**2 - c - 5. Calculate z(j).
-5
Let g(u) = u - 1. Let c = 0 - 0. Let q = c + 0. Let x be (-1 + 2)*(3 - q). What is g(x)?
2
Let k(l) = 3*l - 3. Let w(f) = 3*f - 4. Let s(n) = 3*k(n) - 4*w(n). Determine s(5).
-8
Let q(z) = -z + 4. Suppose 0 = -4*u + 20, 5*l + 2 = 3*u + 7. Suppose p - l = -1. Suppose -2*r - g = -5*r - 1, 3*g = 5*r + p. Determine q(r).
4
Suppose -32*k + 30*k = -20. Let i(p) = p**3 - 9*p**2 - 11*p + 8. What is i(k)?
-2
Let y(u) = 3*u - 1. Let k(j) = j + 1. Suppose -4*s - 3*d - d = 16, -4*s - 5*d - 14 = 0. Let f(n) = s*k(n) + y(n). Determine f(-5).
8
Let g(c) = -c + 11. Let w(x) = -x**3 + 7*x**2 - 8*x - 10. Let j be w(5). Determine g(j).
11
Let r(t) be the first derivative of t**3/3 - 3*t**2 - 4*t + 2. Let f(o) = 2*o**3 - 3*o**2 + 1. Let k be f(2). Calculate r(k).
-9
Let b(l) = -l + 3. Let y(r) = -1. Let t(q) = -b(q) - y(q). Suppose -o = -6 + 1. Suppose 0*h = -h - o. Give t(h).
-7
Let o = 15 - 16. Let k(r) = -12*r. What is k(o)?
12
Let g = -3 - -2. Let r be (0 - -6)*g/(-2). Let t(q) = q**r + 27 - 27. Determine t(-1).
-1
Let u(a) = a**3 - 3*a + 4. Let o = 30 - 33. Calculate u(o).
-14
Let x(v) = -v**3 - 3*v**2 + 4. Let w be x(-3). Let n(g) = -5 + 6*g + 3 + 3 + 2*g**2 - g**3 - 2. Calculate n(w).
-9
Let a = -9 - -15. Let o(v) = 6*v**2 - 2*v + 4 + 1 + 3 - 7*v**3 + a*v**3. What is o(6)?
-4
Suppose -p + 4*p - 14 = -2*z, 3*z = p + 32. Let g(h) = h**2 - 9*h - 6. What is g(z)?
4
Let u(l) = -6*l**2 + 3*l**2 + 0*l**2 - l. Let y be 2/(-4 - (1 - 3)). Determine u(y).
-2
Let g(i) = -3*i**3 - 6 + 4*i**3 + 2 - 3*i**2. Give g(3).
-4
Let h(c) = -2*c + 2. Let v(n) = -2 - 3*n + 4*n - 4 + 0. Let k be v(8). Calculate h(k).
-2
Let f = 0 + 0. Let c(l) = l**2 - 17 - 2*l**2 + 17 - l**3. Let j be c(f). Let q(r) = r**3 + r**2 + r + 1. What is q(j)?
1
Let o(n) = n**2 - n + 4. Suppose -2*m + 11*m = 0. What is o(m)?
4
Let d(r) = -5*r + 4*r**2 - 3*r**3 + 5 + r**2 + 2*r**3. Let p(m) = 3*m**2 - 2*m - 1. Let o be p(-1). Give d(o).
1
Let n(x) be the first derivative of -x**6/24 + x**5/60 + x**4/24 + x**2 + 3. Let u(o) be the second derivative of n(o). Determine u(-1).
5
Let n(c) = -3*c + 0 + 0. Let v(j) = 4*j + 150. Let p be v(-37). What is n(p)?
-6
Let d be (24/(-10))/((-26)/195). Let n = d - 21. Let i(k) = -k**2 - k - 1. What is i(n)?
-7
Let n(a) = 0*a - 4 + 4*a - 3*a. Let k = 22 - 26. Determine n(k).
-8
Suppose n = -3*n + 4. Let y(v) = -v**2 - v + 1. Let b be y(n). Let z(p) = -6*p**3 - p**2 + p + 1. Determine z(b).
5
Let r(a) = -a**2 + 3*a + 1. Suppose 5*y + 4*y + 18 = 0. Determine r(y).
-9
Let a(m) = -5*m**3 - m**2 - 1. Let q(g) = g**3 + g - 1. Suppose 5*n + 2 = -3. Let t(y) = n*q(y) + a(y). Give t(-1).
6
Let f(i) = -i. Let d(w) = -2*w + 1. Let y(c) = -d(c) - 4*f(c). Determine y(-1).
-7
Suppose 4*m = 3*m + 5, -4*v = -5*m + 21. Let j be 2/(-2)*-7*v. Let t(n) = -n + j + 4*n - 5*n. What is t(5)?
-3
Let i(n) = -7*n - 3. Let x(z) = 8*z + 2. Let y(q) = 3*i(q) + 2*x(q). Let s(c) = c**3